 v(l) = 3*l**3 + 80*l**2 + 60*l + 216. What is v(-26)?
8
Let h(f) = -5*f**2 - 1499*f - 1195. Give h(-299).
1
Let h(v) = -v**3 - 2*v**2 + 41*v + 41. Give h(-1).
-1
Let y(z) = -26*z**2 - 388*z - 9. What is y(-15)?
-39
Let i(l) = 15*l**2 + 414*l + 1023. What is i(-25)?
48
Let a(z) = 9*z**3 + 100*z**2 - 94*z + 17. What is a(-12)?
-7
Let v(x) = 248*x - 1177. Calculate v(5).
63
Let j(s) = s**3 - 25*s**2 - 10*s + 369. Determine j(25).
119
Let q(c) = 304*c - 26441. What is q(87)?
7
Let w(a) = -15*a**2 + 139*a - 40. Calculate w(9).
-4
Let y(u) = u**3 - 93*u**2 + 6*u - 313. Calculate y(93).
245
Let d(n) = 2*n**3 - 29*n + 55. Give d(4).
67
Let h(i) = -222*i - 20197. Give h(-91).
5
Let i(j) = 158*j**2 + 4*j + 1. What is i(-1)?
155
Let f(h) = -h**3 + h**2 - h + 90. Give f(5).
-15
Let c(p) = 47*p + 2181. Give c(-46).
19
Let a(g) = 145*g**2 + 1013*g + 6. Give a(-7).
20
Let k(f) = 60*f**2 - 113*f - 10. Determine k(2).
4
Let z(s) = -s**3 + 8*s**2 - 11*s - 46. Determine z(6).
-40
Let d(f) = 3*f**2 - 24*f - 17. Calculate d(12).
127
Let w(s) = -11*s**2 + 5*s - 6. Calculate w(5).
-256
Let j(o) = 39*o + 32. Calculate j(0).
32
Let g(b) = -24*b**3 - 15*b**2 + 34*b - 4. What is g(2)?
-188
Let m(w) = -30*w**2 - 239*w - 2. Calculate m(-8).
-10
Let p(r) = -38*r**2 + 21292*r - 6726. Give p(560).
-6
Let i(v) = -3*v**2 + 95*v + 871. Determine i(39).
13
Let o(t) = -526*t - 522. Give o(-1).
4
Let z(t) = -2*t**3 + 21*t**2 + 2*t + 142. Determine z(11).
43
Let t(m) = -10*m**2 - 164*m + 3. What is t(-17)?
-99
Let o(j) = -94*j + 1411. Give o(15).
1
Let r(a) = 2139*a + 14984. What is r(-7)?
11
Let y(p) = -2*p**3 - 7*p**2 - 188*p - 729. Give y(-4).
39
Let p(j) = -2*j**3 - 11*j**2 + j - 3. What is p(0)?
-3
Let m(s) = 2*s**3 - 108*s**2 + 97*s + 471. Calculate m(53).
-6
Let g(w) = w**2 - 88*w + 1943. What is g(45)?
8
Let h(q) = 3*q**2 + 128*q - 191. What is h(-44)?
-15
Let n(u) = -u**3 - 26*u**2 + 53*u - 214. What is n(-28)?
-130
Let w(r) = 7*r**3 + 25*r**2 - 79*r + 6. Give w(3).
183
Let c(z) = -2*z**3 - 207*z**2 + 2658*z + 1494. What is c(-115)?
-1
Let m(b) = -2*b**3 - 17*b**2 + 221*b + 1828. What is m(-8)?
-4
Let c(s) = -2*s**2 - 13*s + 1357. What is c(23)?
0
Let y(k) = -k**3 + 11*k**2 + 36*k - 57. What is y(15)?
-417
Let g(s) = -s**3 - 19*s**2 + 8*s + 279. Give g(-19).
127
Let q(a) = 9*a**3 - 27*a**2 - 5*a + 15. What is q(3)?
0
Let l(v) = -v**3 - 58*v**2 - 164*v + 77. Calculate l(-55).
22
Let j(z) = -7*z**2 - 3*z - 27. What is j(0)?
-27
Let k(p) = -33*p + 2989. What is k(92)?
-47
Let f(d) = 4*d**3 - 220*d**2 - d + 73. Calculate f(55).
18
Let s(r) = -4*r**3 + 5*r**2 + 8*r + 3. Give s(-1).
4
Let d(i) = -2*i**2 - 32*i - 45. Give d(-9).
81
Let n(j) = -j**2 + 51*j + 2193. Give n(-27).
87
Let u(y) = 2*y**2 + 186*y - 443. Give u(-98).
537
Let k(m) = -78*m - 463. Determine k(-5).
-73
Let o(j) = 2*j**3 + 15*j**2 + 6*j + 35. Determine o(-10).
-525
Let u(d) = -3*d**2 + 45*d - 30. Calculate u(16).
-78
Let w(q) = -2*q**3 - 22*q**2 - 28*q - 11. What is w(-9)?
-83
Let w(a) = 2*a**3 + 25*a**2 + 17*a + 10. What is w(-10)?
340
Let s(a) = -129*a**2 + 106*a + 107. Give s(-1).
-128
Let k(g) = g**3 - 104*g**2 - 104*g - 80. Give k(105).
25
Let n(v) = -v**2 - 1726*v - 85415. Give n(-51).
10
Let a(t) = 2*t**3 + 82*t**2 - 83*t + 50. Determine a(-42).
8
Let l(d) = 3*d**3 + 4*d**2 - 23*d + 46. Determine l(2).
40
Let j(x) = 42*x**2 + 86*x - 180. Calculate j(2).
160
Let n(m) = 13*m**2 - 62*m + 65. Calculate n(2).
-7
Let p(j) = -j**3 - 15*j**2 - 29*j - 11. Give p(-13).
28
Let x(w) = 4*w**2 - 222*w - 1084. Determine x(60).
-4
Let d(s) = -s**3 + 11*s**2 + 128*s - 109. What is d(17)?
333
Let h(n) = -500*n + 4594. Calculate h(10).
-406
Let t(f) = 83*f + 940. Give t(-12).
-56
Let h(f) = -f**2 - 16*f + 694. Determine h(20).
-26
Let q(m) = -2136*m + 12815. Give q(6).
-1
Let q(c) = 5*c**3 - 28*c**2 - 7*c - 40. Calculate q(6).
-10
Let l(k) = 2*k**3 + 95*k**2 + 504*k + 25. Calculate l(-6).
-11
Let t(k) = 3*k**3 + 258*k**2 - k - 97. Determine t(-86).
-11
Let w(z) = 1660*z + 6632. Give w(-4).
-8
Let i(o) = 297*o + 15448. What is i(-52)?
4
Let q(c) = -92*c + 7144. Determine q(78).
-32
Let x(o) = -1112*o - 389201. Give x(-350).
-1
Let u(p) = p**3 - 48*p**2 - 100*p - 158. What is u(50)?
-158
Let y(u) = 48*u + 2531. Give y(-53).
-13
Let s(q) = 3*q**2 + 160*q - 152. What is s(-54)?
-44
Let s(y) = -5*y**2 - 165*y - 215. Determine s(-26).
695
Let y(k) = -k**3 - 38*k**2 + 534*k + 54. Give y(11).
-1
Let k(q) = 5044*q + 50448. Calculate k(-10).
8
Let o(n) = -n**2 - 2504*n + 109524. Determine o(43).
3
Let m(g) = -16*g - 137. What is m(-10)?
23
Let v(o) = -92*o + 1118. Determine v(12).
14
Let z(p) = -8*p**2 - 973*p + 364. What is z(-122)?
-2
Let p(l) = l**3 - 58*l**2 - 60*l + 53. Calculate p(59).
-6
Let s(h) = h**2 - 215*h + 7649. Give s(45).
-1
Let b(r) = 170*r**2 - 13*r - 10. Calculate b(-1).
173
Let k(u) = u**3 - 75*u**2 - 65*u - 836. What is k(76)?
0
Let m(a) = -a**3 + 12*a**2 - 9*a + 4. Give m(11).
26
Let f(i) = -i**2 - 234*i - 7749. What is f(-40)?
11
Let g(u) = -u**2 - 168*u + 68573. Give g(191).
4
Let y(j) = -j**3 - 5*j**2 + 9*j + 88. Determine y(-9).
331
Let d(t) = 72*t + 3236. Determine d(-45).
-4
Let a(d) = d**2 - 15*d - 82. What is a(-4)?
-6
Let c(l) = l**2 + 74*l + 477. Calculate c(-6).
69
Let l(u) = -8*u + 52. Calculate l(10).
-28
Let a(f) = -2*f**2 + 38*f - 103. Determine a(15).
17
Let w(g) = 107*g**3 - 8*g**2 - 6*g + 2. Determine w(-1).
-107
Let x(s) = -s**3 - 10*s**2 - 26*s - 34. Calculate x(-7).
1
Let b(f) = -f**3 - f**2 + 4*f - 39. Calculate b(-4).
-7
Let p(i) = -i**3 + 16*i**2 - 28*i - 9. Give p(7).
236
Let h(l) = 4*l**3 + 46*l**2 + 58*l + 16. What is h(-10)?
36
Let f(n) = n**3 - 138*n**2 - 145*n + 804. Calculate f(139).
-30
Let q(a) = -a**2 - a + 1326. Give q(36).
-6
Let g(l) = -2*l**2 + 22*l - 27. Determine g(11).
-27
Let w(q) = -300*q - 1556. What is w(-7)?
544
Let z(r) = -r**2 - 23*r + 118. Give z(-28).
-22
Let x(o) = 5*o**2 + 144*o + 482. What is x(-25)?
7
Let v(z) = 25*z + 31. Calculate v(-6).
-119
Let y(q) = -33*q**3 - 261*q**2 + 16*q + 18. Calculate y(-8).
82
Let i(g) = 100*g - 575. Calculate i(6).
25
Let a(p) = 2*p**2 + 11*p - 10. What is a(8)?
206
Let x(o) = -8*o**2 + o - 33. Calculate x(-4).
-165
Let c(g) = 4*g**2 + 9*g - 1. Calculate c(4).
99
Let x(f) = 4*f**3 - 292*f**2 + 3*f - 236. Calculate x(73).
-17
Let p(j) = 3*j**2 - 351*j + 9533. Determine p(74).
-13
Let m(a) = 254*a + 764. Give m(-3).
2
Let j(a) = a**3 + 18*a**2 - 119*a - 19. Calculate j(-23).
73
Let f(m) = 3*m**2 - 11. Give f(-3).
16
Let c(i) = i**2 + 92*i - 8700. Give c(-150).
0
Let r(m) = 62*m**2 + 407*m + 497. Calculate r(-5).
12
Let h(c) = -4*c**2 - 48*c - 88. What is h(-2)?
-8
Let t(c) = 303*c - 7581. What is t(25)?
-6
Let v(r) = 2*r**2 - 10*r - 34. Determine v(8).
14
Let o(i) = -5*i**2 + 207*i + 625. Calculate o(44).
53
Let i(x) = 98*x**2 + 7*x - 20. What is i(3)?
883
Let n(h) = h**3 - h**2 + 449. What is n(0)?
449
Let p(y) = -14*y**2 - 96*y - 384. Give p(-4).
-224
Let d(y) = -2*y**2 - 30*y - 7. What is d(0)?
-7
Let g(d) = 145*d - 1752. Determine g(8).
-592
Let k(j) = 8*j + 442. What is k(-53)?
18
Let d(l) = -l**3 + 30*l**2 - 219*l + 20. What is d(12)?
-16
Let k(r) = -17*r - 616. Calculate k(-48).
200
Let m(n) = -n**3 - 185*n - 11. Give m(0).
-11
Let s(m) = -m**3 - 42*m**2 + 228*m - 327. What is s(-47)?
2
Let z(c) = c**3 + 396*c**2 + 1962*c + 32. What is z(-5)?
-3
Let g(s) = -132*s - 1326. What is g(-10)?
-6
Let b(a) = 210*a + 22043. Give b(-105).
-7
Let k(z) = 364*z - 20030. Determine k(55).
-10
Let c(s) = s**3 + 44*s**2 - 299*s - 48. Give c(6).
-42
Let q(y) = -2*y**2 - 60*y + 696. Give q(9).
-6
Let w(r) = -16*r**2 - 340*r - 407. What is w(-20)?
-7
Let j(i) = -33393*i + 5. Determine j(0).
5
Let h(f) = -4*f**2 - 361*f - 4264. Calculate h(-14).
6
Let u(z) = z**2 + 41*z + 174. Determine u(-19).
-244
Let w(b) = -b**2 + 455*b - 3567. What is w(8)?
9
Let n(r) = -27*r**2 + 39*r - 2. Calculate n(2).
-32
Let c(d) = -89*d - 1532. Determine c(-20).
248
Let b(k) = -12*k + 121. What is b(-7)?
205
Let g(y) = -42*y - 49. What is g(-1)?
-7
Let g(t) = 1013*t - 29387. What is g(29)?
-10
Let o(a) = 3*a**3 - 56*a**2 - 10*a - 178. Determine o(19).
-7
Let o(y) = -1930*y + 9716. Give o(5).
66
Let h(t) = -15*t - 219. Give h(-12).
-39
Let p(o) = 17*o - 65. D